eatest common factor of o and 126?
14
Let n(f) = -388*f - 1426. Let x be n(-4). Calculate the greatest common divisor of 360 and x.
18
Suppose 9*f - 669 = 719 - 443. What is the highest common factor of 3325 and f?
35
Let p(f) be the first derivative of -7*f**2/2 + 6*f - 10. Let a be p(6). Let j = a - -58. Calculate the highest common factor of j and 11.
11
Let i(v) = 3*v - 23. Let u be i(8). Let x(c) = 8*c - 1. Let n be x(u). Let j be 1806/147 + (-2)/n. What is the highest common divisor of j and 96?
12
Let g(j) = -2*j**3 + 43*j**2 + 84*j + 4. Let x be g(-2). What is the highest common factor of 21 and x?
3
Let s(u) = -4*u + 1. Let v be s(-1). Suppose v*i - 4*b = 179 - 34, -2*i - 3*b = -81. Suppose 50*f - 1111 = 539. Calculate the greatest common factor of i and f.
33
Let c be 2/(-8) + (-29)/(-4). Let i be (-198)/88*(-11424)/72. Calculate the greatest common factor of c and i.
7
Let b = 51 - 45. Suppose -3*z = -z - 6*q - 52, b = -3*q. Calculate the greatest common divisor of z and 160.
20
Suppose 0 = 12*f - 149 - 115. Suppose f*g - 810 = -8*g. Calculate the highest common divisor of g and 189.
27
Let c(w) = -w**3 + 4*w**2 + 19*w - 35. Let f be c(5). Suppose 0 = -3*l + 14*l - 1540. What is the greatest common divisor of f and l?
35
Let s = 307 - 237. Let c = -60 + 74. Calculate the highest common divisor of s and c.
14
Let h(n) be the second derivative of -n**4/12 - 8*n**3/3 + 55*n**2 + 54*n. Let r be h(-19). Calculate the greatest common divisor of r and 424.
53
Suppose 0 = -13*h - 14 - 103. Let a be -68 + (-3 - (h + 1)). Let n = -59 - a. Calculate the greatest common divisor of 4 and n.
4
Let f be 35/(-21)*-63 + 9. Suppose 190 = 22*x - 17*x. Calculate the greatest common divisor of x and f.
38
Suppose -2*f - w + 72 = 0, 4*f - 144 = -5*w - 0*w. Let v(k) = 4*k**2 - 28*k - 320. Let z be v(23). Calculate the greatest common divisor of f and z.
36
Let k = -219 - -223. Suppose k*x = 2*f - 0 + 12, x - f = 5. Suppose 2*c - 5 = -3*c. What is the highest common divisor of c and x?
1
Suppose -75*m = -74*m - 5. Let d(j) = -j**3 + 4*j**2 + j + 27. Let r be d(m). Suppose -62 = -h + 29. What is the highest common factor of r and h?
7
Suppose 9*j - 775 = -17*j - 73. Calculate the highest common factor of j and 1728.
27
Let q(u) = -u + 2. Let z be q(0). Suppose -4*b = z*v - 4, -2*v = -3*v + 2. Suppose b = 2*o - 63 - 81. What is the highest common divisor of 18 and o?
18
Let t = 22946 + -15354. What is the greatest common factor of t and 156?
52
Let s(l) be the first derivative of l**3/3 - 35*l**2/2 + 157. Let h be s(36). Calculate the highest common divisor of h and 96.
12
Let m(h) = 2*h**3 - 4*h**2 - 3. Let o = -40 - -43. Let s be m(o). Suppose 10*z + 155 = s*z. Calculate the greatest common factor of 217 and z.
31
Suppose -4*b = 6 - 62. Let m be 4 - 2/((-16)/(-24)). Let f = b - m. Calculate the highest common divisor of 65 and f.
13
Let f = -4447 + 4699. Calculate the greatest common factor of f and 216.
36
Let t = 5883 + -5878. Suppose 2*w = 20 - 12. Calculate the highest common divisor of t and w.
1
Suppose -v + 4 = -5*v, -3*a = 4*v - 50. Let g be (6/(-12)*0)/(-2) + 16. Suppose g*m - 285 = -141. Calculate the highest common factor of a and m.
9
Let q(h) = -h**3 + 9*h**2 + 16*h + 22. Let n be q(8). Let u be 9/3 + 0 + (n - -3). Calculate the highest common factor of 20 and u.
20
Let u(x) = -13*x + 24 + 15*x - 10*x. Let r be u(-11). Calculate the highest common divisor of r and 16.
16
Let c(g) = -3*g**2 - 93*g + 48. Let i be c(-31). Let s be i/12*(31 - (-2 - 0)). Calculate the greatest common divisor of s and 154.
22
Let d(n) = -6*n**2 + 114*n + 162. Let q be d(20). Calculate the greatest common divisor of q and 189.
21
Let n(v) = -5*v + 15. Let b be n(0). Suppose -10*q = -b*q - 10. Let m be ((-14)/(-3) + q)/(2/9). Calculate the highest common divisor of 84 and m.
12
Let t = -16311 + 17939. What is the greatest common divisor of 396 and t?
44
Let t(l) = -20*l**3 + 3*l**2 - 42*l - 91. Let q be t(-2). Calculate the greatest common divisor of 1095 and q.
15
Let i be 97 - (2/(-9) - 38/(-9)). Suppose 28*x + i - 317 = 0. What is the highest common factor of x and 68?
4
Let s = -212 + 215. Suppose -4*l = 9*a - 5*a - 152, a - 46 = s*l. Calculate the highest common factor of a and 100.
20
Suppose 47*o + 15*o + 144*o - 846660 = 0. Calculate the highest common divisor of 390 and o.
30
Let t be ((-56)/(-3))/(2/6). Let o be 3 - -2 - 3493/(-7). Calculate the highest common factor of o and t.
56
Let i be (2/(-6))/(679/(-339) + 2). Let h be 12/27 + 111/27*i. What is the greatest common divisor of 93 and h?
93
Suppose 2*m = 8, -4*m + 537 = 4*t + 1409. Let u = -187 - t. Calculate the greatest common divisor of 14 and u.
7
Suppose 15*t - 4200 = -9*t. Let j be 54/(-45)*t/(-2). What is the greatest common divisor of j and 63?
21
Let j(m) = -4*m**2 + 3*m - 64. Let d be j(6). Let u = -513 - d. Let p be (-4)/38 - 2618/u. Calculate the highest common factor of 6 and p.
2
Let q(s) = -4*s - 34. Let u be q(-9). Suppose -3*p = -5*y + 5, -u*y + 0 - 17 = -5*p. Let l be 50/4*(-12)/(-10). What is the highest common factor of l and p?
5
Let y = -10 + 13. Suppose -1033 = -y*m - 2*b, -6 = -b - 1. Let d be m - (2 + -2 + 1). What is the highest common divisor of 34 and d?
34
Let w = 7966 - 7836. Calculate the highest common factor of 110 and w.
10
Let i be (-3)/(-9) - ((-312)/9 - -1). Suppose -110 = -14*p - 26. Calculate the highest common factor of i and p.
2
Let r be 1 - (-4 - (-342)/(-3)). Suppose -r*f + 120*f - 8 = 0. Let w be 2 + (89/1 - 3). Calculate the highest common factor of w and f.
8
Let j = -6549 + 6555. Calculate the highest common factor of j and 594.
6
Let x be 487 + (-7)/(10 - 3). Suppose 0 = 18*q + 18 - x. Calculate the highest common factor of 273 and q.
13
Suppose 9*t - 14*t + 195 = 0. Suppose 144 = -30*m + t*m. What is the greatest common factor of 136 and m?
8
Let m = 1242 + -1059. Let r = -168 + m. Calculate the highest common factor of r and 345.
15
Let d be 8 - (37/111)/((-2)/90). What is the greatest common divisor of 16859 and d?
23
Suppose -24*f = -8*f - 64. Suppose 4*y = -3*x + 47, -5*x - 2*y = -51 - f. What is the highest common factor of x and 3?
3
Suppose -17*l - 3534 = -236*l + 1941. Calculate the greatest common divisor of l and 485.
5
Suppose -r = 4*b - 144, -2*b = 5*r - 169 - 479. Calculate the greatest common factor of r and 3328.
128
Let g be (3*22)/((-135)/(-2610)). Let w = 2096 - g. What is the highest common divisor of 20 and w?
20
Suppose -4*j + 2*k = 6*k - 12, 0 = 3*j + 2*k - 13. Suppose 68 = 5*c - 3*z, 47*c - 43*c - 4*z = 48. Calculate the greatest common factor of c and j.
1
Let d(t) = 28*t**2 + 54*t - 1538. Let v be d(25). Calculate the highest common divisor of v and 64.
32
Suppose -2*k - 30 - 29 = -g, 44 = g + 3*k. Let b = g - 44. Suppose 8*x - 324 = -x. Calculate the highest common factor of x and b.
9
Let n = -759 - -1275. Suppose -15*q + 18*q - n = 0. Calculate the greatest common divisor of q and 129.
43
Let f = 56 - 57. Let m(c) = -35*c**3 - 2*c**2 - 3*c - 1. Let o be m(f). Calculate the highest common divisor of 280 and o.
35
Let t(n) = -9*n + 337. Let z be t(37). What is the greatest common divisor of 25 and z?
1
Suppose 0 = -x + 8 - 6. Suppose x*j + a - 2 = 3*a, 3*a = -j + 9. Suppose -j*p - 4*s + s = -186, -2*s - 2 = 0. Calculate the greatest common factor of p and 21.
21
Let b = -102 - -99. Let d be (-7774)/(-78) + 2*1/b. What is the highest common divisor of d and 11?
11
Let u = -55 - -99. Let y be u - ((-40)/(-4))/2. What is the highest common factor of 26 and y?
13
Let l(d) = -2139*d + 86. Let q be l(-1). Calculate the highest common factor of q and 178.
89
Let n = 39 - 35. Suppose 17 = n*h - 0*l + l, -3*l - 13 = -4*h. Suppose 4*x + h*u + 5 = 3*x, -29 = -3*x - u. What is the greatest common factor of 121 and x?
11
Let y = -620819 - -620863. Let d = 163 + -75. Calculate the greatest common factor of d and y.
44
Suppose -5*c + 7*r = 4*r - 1980, -2*r = 0. Let i be (-3)/((3 - c/196) + -1). Let o be 210/i - 6/14. Calculate the highest common factor of 11 and o.
1
Let q = -318 - -309. Let r be (-1)/q + (-2912)/(-117). Calculate the highest common divisor of 200 and r.
25
Let p = -2784259 - -2784320. Suppose -726 = o + o. Let t = o + 790